109 + -95 + 42.
39
What is 11 - (68 + -18) - 3?
-42
9 + -9 + -16 + 31 - 15 - (1 + 57)
-58
What is the value of -87 + 7 - (-53 - 96)?
69
What is (-264 - -188) + (-8 - -44)?
-40
Calculate (1 + 15 - 16) + (-2 - -43).
41
Calculate -10 + -2 + (15 - (1 + 5)) + (-9 - -2).
-10
Evaluate -7 + -3 + 6 + 6 + -3 - (11 - -16).
-28
Evaluate -12 + (-64 + 144 - -10 - (7 + 2 + -4)).
73
Calculate -20 + 11 + (9 - 20) - -86.
66
-50 + -33 + 32 + -6 + 16 + -5
-46
Evaluate 40 - (34 - (-11 + 45 + -21)).
19
Calculate -28 + -100 + (-36 - 4 - -71).
-97
What is ((25 - 17) + -12 - (24 + 4)) + 8?
-24
Evaluate 17 + 27 + -180 + -46 + 48.
-134
39 + (0 - (-2 - -8) - (-107 + 47 + 53))
40
What is -2 - (-22 - 1 - (78 - 95))?
4
What is the value of (0 - 14) + (93 + -123 + 3 - (12 - 0))?
-53
What is (-15384 - -15290) + (0 - -8)?
-86
Evaluate 1 - 29 - (-35 - ((10 - 6) + -37)).
-26
Calculate 193 - -27 - 333 - (-27 - 1).
-85
Evaluate 11 + (-10 - 0 - -3) + (-35 - (-61 - 19)).
49
Evaluate 251 + -147 + (-54 - 2).
48
What is (-17 + 7 - -6) + 8 - 37?
-33
-14 + -88 + 58 + 33
-11
What is the value of 1 - -31 - (-15 + -14 + 17 + 6 + 3)?
35
What is the value of -18 + 14 + (-8 - (3 + -2)) + -2 + -10?
-25
107 - 96 - (4 - -17)
-10
Calculate 17 + -72 + 20 + 50.
15
What is 25 - (5 - (10 + 13 + -1 + -30))?
12
Calculate -48 - ((39 - (5 + -1)) + 9 + -30).
-62
(-1 - 1) + -65 + (67 - (71 - -39)) + 35
-75
Evaluate (-63 - -1) + (3 - (16 + (-9 - -3) + -14)).
-55
Calculate -212 + 518 + -152 + (-2 - 11) + 2 + -2.
141
What is the value of (19 - (13 - 12)) + 5 - (-1 + (6 - -1))?
17
7 + (0 - (-17 - -4) - (59 + -78))
39
Evaluate 68 - (-14 + 8 - 0 - (-8 - (5 - 2))).
63
What is -7 + 84 - (-1100 + 1205)?
-28
What is the value of (0 - -20 - 31) + 47 + 0 - (0 - 4)?
40
Evaluate (-9 - -21 - 21) + 30 - -3.
24
Calculate -135 + 48 + 17 + 65.
-5
(-145 - -62 - -69) + (-2 + 3 - (-2 + -44))
33
What is the value of (25 - 39) + (5 - -6) + 10?
7
6 + (-2 - -2) - ((-9 - -1) + (-35 - -42))
7
What is (54 - 9) + (-69 - 12)?
-36
Calculate 67 - (48 - 0) - -2.
21
Calculate 6 - (47 + -1) - -42.
2
Evaluate (-46 - -28 - -22) + (-4 - ((1 - 27) + 4)).
22
What is (-41 + 1 - (389 - 381)) + 15 + -3 + 0?
-36
Calculate 56 - (31 - (7 - 34)).
-2
(335 - 343) + (-2 - -19) - 5
4
Evaluate 14 - ((-376 - -363) + 45 + -1) - -8.
-9
What is (-24 - (-11 - -5)) + (-174 - -191)?
-1
Calculate -6 - -36 - -32 - 39.
23
What is (13 + -30 - (3 + (-9 - 16))) + -44?
-39
What is the value of 7 + 3 + -17 + 9 + (-1 - -6)?
7
What is the value of (-1961 - -1803) + 79 + -2?
-81
Evaluate (-2 - 2) + (-7 - 0 - -9) + -37.
-39
-9 + 36 + -23 + (2 - 2 - -70) + -2
72
Evaluate -7 - 34 - -7 - ((0 - 8) + 103 + -96).
-33
What is 69 + (-39 - 13) + 24?
41
What is (-2 + -1 - -8) + (-559 - -600 - (44 - 1))?
3
What is the value of -117 + 52 - 27 - -97?
5
Evaluate 869 - 776 - (1 + 17 - -5).
70
What is the value of -2 + 53 + 0 + (-384 + 377 - (-13 + 0))?
57
-48 - (-80 + 82 - (-1 + (6 - 1) + 1))
-45
What is the value of 10 - (28 - 25) - (8 - (-6 + 20))?
13
What is the value of -1 + (82 - 4) + (32 - -76) + -106?
79
What is the value of 2 - (-8 + (13 - 9) - -16 - 52)?
42
10 + (-21 + 46 + -13 - (-1 + 69))
-46
-4 + -7 - (-30 + 119 - 175)
75
What is the value of -39 + -1 - (733 - 801)?
28
Evaluate (0 - (2 + -33)) + (14032 - 14070).
-7
What is the value of 113 + 0 + 1 + 120 + (-4 - 125)?
105
Evaluate (25 - 0) + 1 + (-14141 - -14171).
56
-3 - 26 - -15 - -41 - 21
6
What is -2 + 10 + (9 - -44) + 45 + -2 + -9?
95
Calculate -24 + 1 - (-48 + 120 + -78).
-17
Evaluate 0 + -1 + 1 + 0 - (16 + -56 - -51).
-11
Calculate -148 + (-60 - -359) + -135.
16
What is the value of (-28 - -27) + 2 - (2 - (59 - 3))?
55
(230 + -243 - (0 + -25)) + 28 + -7
33
(-50 - -74 - (120 - -16)) + 35
-77
What is the value of 13 - (-3 - 1 - (-72 - (-56 + -11)))?
12
Calculate (17 - ((-14 - -7) + 11)) + (-40 - -71) + 21.
65
What is 80 + (26 + -42 + 31 - 22)?
73
-2 + 15 - (23 - (37 - 19)) - 87 - 7
-86
Evaluate (15 - 0) + -38 + 51 + 17 + -13.
32
Calculate -9 + (30 - 8) + -88 + 24.
-51
What is the value of (53 - (8 - -73)) + 14?
-14
What is the value of 0 + 18 - (-3 + -4 + -11)?
36
Calculate (44 - 59) + -45 - 11.
-71
-21 - ((-26 - (7 - 35)) + 0)
-23
What is 14 + (2 + -6 - (35 + -20 + -42))?
37
-10 + -10 + -3 + -2 + 22 + -5
-8
What is -3 + 2 + -1 - -61 - (-2989 - -2993)?
55
-15 - -3 - ((-2 - -2) + -30)
18
69 - 161 - (25 + -236)
119
What is the value of 0 - -15 - ((-8 - -6 - 13) + 18)?
12
What is the value of 36 - (-22 + (31 - -11))?
16
Evaluate -3 - -54 - (-24 + 109).
-34
(-37 - -48) + -10 + 14 - 84 - (13 - -1)
-83
Calculate 4 - ((-16 - (-15 + 8)) + 1 + 15) - 2.
-5
What is (4 - 2 - -20) + (-278 - -262) - 47?
-41
(-97 - -136) + (-18 - 2) + 3 - -11
33
What is 1 - -23 - (22668 + -22729)?
85
Calculate 130 - (-120 + (0 - -322)).
-72
42 + -60 + 19 - -35
36
What is the value of -89 + (-4 - (40 - 117))?
-16
What is the value of (-37 + 42 + 10 - 12) + (47 - 0)?
50
(-24 - (2 + -94)) + -25
43
What is the value of 34 + -8 + 31 + -56 + 57?
58
2 - 31 - (1 + -24 + -907 + 924)
-23
Evaluate 16 + (-18 + 8 - (1 - 4)) + 19.
28
Evaluate 63 + -65 + (-67 - -14).
-55
Evaluate 9 + -1 - (22 + -10) - (1 - 59).
54
What is -38 + 49 - (-30 + (11 - 5) + -5)?
40
What is the value of 38 - ((15 - -4) + (-11 - 52))?
82
Evaluate 5 + -12 + -3 + 107 + -55.
42
Evaluate (1 + 4 + 0 - 3) + -4 + -23 + 98.
73
Calculate -6 + (-19 - (24 + -48)).
-1
What is 13 - (-18 - (7 - 16) - (37 + 2))?
61
Evaluate 52 + (53 - (40 + 6)).
59
Calculate 43 + (68 + -41 - 42).
28
What is the value of -16 - (-1 - 102 - (-354 + 342))?
75
What is the value of 0 + -1 + (1 + -3 - 64) + (-2736 - -2751)?
-52
(-7 - -1 - (-9 + -50)) + 17 + -11
59
-7 - -14 - (53 + (-63 - -29))
-12
Calculate 2205 - 2047 - (51 + -1).
108
What is 12 + (-31 - 1) + 99?
79
What is -16 + (16 - 5) + -25 + -17 + 9?
-38
Evaluate (-40 - (-71 + -5 + 34)) + 0 + (-1 - -1).
2
What is the value of (-1 - -2) + (-25 - -38 - 30) + -31?
-47
7 - ((1 - (-5 - -25 - 6)) + -79)
99
Evaluate (4 - -6) + -109 + (-2 - 4 - -19) + -12.
-98
Calculate 216 - 159 - (-27 + 75).
9
(15 - 3) + (-59 - -8) - (-10 + 12 - 9)
-32
Evaluate 14 + (4 + 9 - (-21 + (156 - 33))).
-75
What is the value of -35 + -6 - ((36 - 103) + 56)?
-30
Evaluate -9 - (71 + -75 + 63).
-68
Calculate 0 + -43 + -12 + (1 - -5 - (-46 + 43)).
-46
Calculate (-1798 - -1873) + -1 + 5.
79
Evaluate 180 + (81 - 62) + -113.
86
What is -105 - (9 - 42) - -56 - (2 + -2)?
-16
Evaluate -21 - (2 + -25 + 9 + -23).
16
Evaluate -22 + (70 - -8 - 117).
-61
Evaluate (28 - (-52 + 27 - -78)) + -29.
-54
What is -1981 + 1944 + (1 - 14)?
-50
What is -466 + 464 + (0 - (-10 - -5)) + -1?
2
What is the value of 1 + (-2 + 6 - -1) - (1433 + -1423)?
-4
Calculate 135 + 0 + -144 + 65.
56
What is the value of 0 - -38 - (-16 - 14 - -43)?
25
Calculate -28 - -20 - 14 - 6 - -94.
66
What is the value of (-6 - (-1 - -3)) + (8 - (-58 - -3))?
55
Calculate (-2 + 6 - (0 - 11)) + (-647 - -640).
8
11 + -38 + 29 - -22 - 58
-34
Evaluate 31 - (28 - (12 - -1) - 67).
83
-107 + (157 + -172 - -172)
50
Calculate 39 - (-11 - -15) - (4 + -10 + 16).
25
5 - (26 + (-13 - 0) - -2)
-10
What is (1 - 29) + -5 + 3 + -1?
-31
35 - (-13 + 46 + -8 - 13) - -1
24
What is the value of 47 - (-1 + (-10 - 7 - -21))?
44
Calculate (-9 - 114) + 50 + 45.
-28
21 - (1 + (18 - 1)) - 12
-9
Evaluate (-665 - -672) + (-4 + -1 + 1 - -23).
26
What is 13 - -3 - (53 + -25)?
-12
What is 1089 + -1164 - (1 - -39)?
-115
44 + (36 - (-10 - -57 - 50))
83
Evaluate -12 - (4 - ((25 - 0) + 407 + -408)).
8
Calculate 32 - (-2 - 1 - ((-3 - 10) + 4)).
26
(8 - 28) + -26 + (-3 + -13 - -11)
-51
Calculate (17 - -27) + 64 + -48.
60
Calculate -91 + 45 + -3 - -77.
28
-970 + 987 + (3 - -1)
21
Calculate -13 - (-6 - (-1 + 9 + 53 + -72)).
-18
What is the value of 81 - ((47 - 72) + 57)?
49
What is 2264 + -2310 - (-38 - 0) - -30?
22
-3 - ((10 - 2) + -31) - (5 - (7 + 7))
29
What is -15 - -4 - (93 - 84 - (-4 - 0))?
-24
Evaluate 13 + -3 + 0 - (41 + -7).
-24
Evaluate 0 - -1 - ((50 - 21) + 42 + 41).
-111
Evaluate (86 - 64) + 1 + -48.
-25
What is -2 - -32 - (183 + -175 - (-2 - -6))?
26
Evaluate -225 + 122 - -250 - 102.
45
What is -132 + -70 + 104 - -32?
-66
Calculate -12 + (0 - (-7 - (-75 + 84 + (-2 - 3)))).
-1
What is the value of -1 + (1 - 8 - 16 - -72)?
48
Calculate 48 - (-11 + -15 + 30 + -11 + 11).
44
32 + (-2 - -4) + -12